{"id":240,"date":"2022-07-21T15:13:42","date_gmt":"2022-07-21T15:13:42","guid":{"rendered":"https:\/\/mehmetakbulut.net\/?page_id=240"},"modified":"2022-07-21T15:15:26","modified_gmt":"2022-07-21T15:15:26","slug":"youtube-reklamlari","status":"publish","type":"page","link":"https:\/\/mehmetakbulut.net\/index.php\/youtube-reklamlari\/","title":{"rendered":"Youtube Reklamlar\u0131"},"content":{"rendered":"\t\t<div data-elementor-type=\"wp-page\" data-elementor-id=\"240\" class=\"elementor elementor-240\">\n\t\t\t\t\t\t\t\t\t<section class=\"elementor-section elementor-top-section elementor-element elementor-element-557c3b48 elementor-section-content-middle elementor-section-boxed elementor-section-height-default elementor-section-height-default\" data-id=\"557c3b48\" data-element_type=\"section\">\n\t\t\t\t\t\t<div class=\"elementor-container elementor-column-gap-no\">\n\t\t\t\t\t<div class=\"elementor-column elementor-col-100 elementor-top-column elementor-element elementor-element-7fe0bda\" data-id=\"7fe0bda\" data-element_type=\"column\">\n\t\t\t<div class=\"elementor-widget-wrap elementor-element-populated\">\n\t\t\t\t\t\t\t\t<div class=\"elementor-element elementor-element-2e3f92 elementor-widget elementor-widget-image\" data-id=\"2e3f92\" data-element_type=\"widget\" data-widget_type=\"image.default\">\n\t\t\t\t<div class=\"elementor-widget-container\">\n\t\t\t<style>\/*! elementor - v3.13.3 - 28-05-2023 *\/\n.elementor-widget-image{text-align:center}.elementor-widget-image a{display:inline-block}.elementor-widget-image a img[src$=\".svg\"]{width:48px}.elementor-widget-image img{vertical-align:middle;display:inline-block}<\/style>\t\t\t\t\t\t\t\t\t\t\t\t<img loading=\"lazy\" decoding=\"async\" width=\"836\" height=\"424\" src=\"https:\/\/mehmetakbulut.net\/wp-content\/uploads\/2022\/07\/youtube-2452.jpg\" class=\"attachment-full size-full wp-image-242\" alt=\"\" srcset=\"https:\/\/mehmetakbulut.net\/wp-content\/uploads\/2022\/07\/youtube-2452.jpg 836w, https:\/\/mehmetakbulut.net\/wp-content\/uploads\/2022\/07\/youtube-2452-300x152.jpg 300w, https:\/\/mehmetakbulut.net\/wp-content\/uploads\/2022\/07\/youtube-2452-768x390.jpg 768w\" sizes=\"(max-width: 836px) 100vw, 836px\" \/>\t\t\t\t\t\t\t\t\t\t\t\t\t\t\t<\/div>\n\t\t\t\t<\/div>\n\t\t\t\t<div class=\"elementor-element elementor-element-64b333a2 elementor-widget elementor-widget-heading\" data-id=\"64b333a2\" data-element_type=\"widget\" data-widget_type=\"heading.default\">\n\t\t\t\t<div class=\"elementor-widget-container\">\n\t\t\t<style>\/*! elementor - v3.13.3 - 28-05-2023 *\/\n.elementor-heading-title{padding:0;margin:0;line-height:1}.elementor-widget-heading .elementor-heading-title[class*=elementor-size-]>a{color:inherit;font-size:inherit;line-height:inherit}.elementor-widget-heading .elementor-heading-title.elementor-size-small{font-size:15px}.elementor-widget-heading .elementor-heading-title.elementor-size-medium{font-size:19px}.elementor-widget-heading .elementor-heading-title.elementor-size-large{font-size:29px}.elementor-widget-heading .elementor-heading-title.elementor-size-xl{font-size:39px}.elementor-widget-heading .elementor-heading-title.elementor-size-xxl{font-size:59px}<\/style><h3 class=\"elementor-heading-title elementor-size-default\">Youtube Reklamlar\u0131<\/h3>\t\t<\/div>\n\t\t\t\t<\/div>\n\t\t\t\t<div class=\"elementor-element elementor-element-623995da elementor-widget elementor-widget-text-editor\" data-id=\"623995da\" data-element_type=\"widget\" data-widget_type=\"text-editor.default\">\n\t\t\t\t<div class=\"elementor-widget-container\">\n\t\t\t<style>\/*! elementor - v3.13.3 - 28-05-2023 *\/\n.elementor-widget-text-editor.elementor-drop-cap-view-stacked .elementor-drop-cap{background-color:#69727d;color:#fff}.elementor-widget-text-editor.elementor-drop-cap-view-framed .elementor-drop-cap{color:#69727d;border:3px solid;background-color:transparent}.elementor-widget-text-editor:not(.elementor-drop-cap-view-default) .elementor-drop-cap{margin-top:8px}.elementor-widget-text-editor:not(.elementor-drop-cap-view-default) .elementor-drop-cap-letter{width:1em;height:1em}.elementor-widget-text-editor .elementor-drop-cap{float:left;text-align:center;line-height:1;font-size:50px}.elementor-widget-text-editor .elementor-drop-cap-letter{display:inline-block}<\/style>\t\t\t\t<p>Youtube Reklamlar\u0131 geli\u015fmi\u015f hedefleme se\u00e7enekleri ve milyonlarca insan\u0131n aktif olarak kulland\u0131\u011f\u0131 bir platformda yer almas\u0131 nedeniyle hedeflerinize ula\u015fmada \u00e7ok \u00f6nemli bir rol oynamaktad\u0131r.<\/p>\t\t\t\t\t\t<\/div>\n\t\t\t\t<\/div>\n\t\t\t\t<section class=\"elementor-section elementor-inner-section elementor-element elementor-element-75d912e elementor-section-boxed elementor-section-height-default elementor-section-height-default\" data-id=\"75d912e\" data-element_type=\"section\">\n\t\t\t\t\t\t<div class=\"elementor-container elementor-column-gap-default\">\n\t\t\t\t\t<div class=\"elementor-column elementor-col-50 elementor-inner-column elementor-element elementor-element-ad53df5\" data-id=\"ad53df5\" data-element_type=\"column\">\n\t\t\t<div class=\"elementor-widget-wrap elementor-element-populated\">\n\t\t\t\t\t\t\t\t<div class=\"elementor-element elementor-element-57ee84dd elementor-widget elementor-widget-text-editor\" data-id=\"57ee84dd\" data-element_type=\"widget\" data-widget_type=\"text-editor.default\">\n\t\t\t\t<div class=\"elementor-widget-container\">\n\t\t\t\t\t\t\t<p><strong>Milyonlarca Ki\u015fi Sizi Bekliyor<\/strong><\/p><p>Youtube \u00fclkemizde ayl\u0131k 32 milyon tekil ziyaret\u00e7i taraf\u0131ndan ziyaret edilmekte ve kullan\u0131lmaktad\u0131r. Youtube\u2019u ziyaret eden kullan\u0131c\u0131lar ayl\u0131k ortalama 8,5 saat Youtube\u2019ta vakit ge\u00e7irmektedir. Bu istatistikler bile Youtube\u2019un dijital pazarlamada ki yerini ve \u00f6nemini g\u00f6zler \u00f6n\u00fcne sermektedir.<\/p><p><strong>Youtube\u2019un Sat\u0131n Alma \u00dczerinde ki Etkileri<\/strong><\/p><p>Youtube\u2019ta \u00fcr\u00fcn ve hizmetlerin sat\u0131\u015f\u0131 ve kullan\u0131m\u0131 ile alakal\u0131 videolar insanlar\u0131n karar vermelerinden \u00e7ok \u00f6nemli bir rol oynamaktad\u0131r. \u00d6rnek olarak bir tv \u00fcnitesi tan\u0131t\u0131m\u0131 veya bu \u00fcnitenin kurulum videosu insanlar\u0131 sat\u0131n alma konusunda etkileyebilmekte video sonunda direkt olarak sat\u0131\u015flar do\u011furabilmektedir.<\/p>\t\t\t\t\t\t<\/div>\n\t\t\t\t<\/div>\n\t\t\t\t\t<\/div>\n\t\t<\/div>\n\t\t\t\t<div class=\"elementor-column elementor-col-50 elementor-inner-column elementor-element elementor-element-5a6bccc3\" data-id=\"5a6bccc3\" data-element_type=\"column\">\n\t\t\t<div class=\"elementor-widget-wrap elementor-element-populated\">\n\t\t\t\t\t\t\t\t<div class=\"elementor-element elementor-element-948c159 elementor-widget elementor-widget-text-editor\" data-id=\"948c159\" data-element_type=\"widget\" data-widget_type=\"text-editor.default\">\n\t\t\t\t<div class=\"elementor-widget-container\">\n\t\t\t\t\t\t\t<p><strong>B\u00fcy\u00fck B\u00fct\u00e7elere Gerek Yok<\/strong><\/p><p>Youtube Reklamlar\u0131 pop\u00fcler olmas\u0131yla birlikte b\u00fct\u00e7e olarak avantajl\u0131 olmas\u0131yla da \u00f6ne \u00e7\u0131k\u0131yor. Video reklamlar\u0131n\u0131z belirli bir s\u00fcre izlenmedi\u011finde inssanlar Reklam\u0131 Atla butonuna t\u0131klasa bile \u00fccret \u00f6demezsiniz.<\/p><p><strong>\u00d6l\u00e7\u00fclebilir Reklamlama<\/strong><\/p><p>Youtube reklamlar\u0131n\u0131n en \u00f6nemli \u00f6zelliklerinden birisi de \u00f6l\u00e7\u00fclebilir olmas\u0131d\u0131r. Reklamlar\u0131n\u0131z\u0131n ka\u00e7 ki\u015fiye ula\u015ft\u0131\u011f\u0131 reklam \u00fczerinden ka\u00e7 m\u00fc\u015fteri elde etti\u011finiz gibi bilgilere Youtube reklamlar\u0131 arac\u0131l\u0131\u011f\u0131 ile ula\u015fabilirsiniz.<\/p><p><strong>B\u00fct\u00e7e S\u0131n\u0131r\u0131 Yok<\/strong><\/p><p>Youtube reklamlar\u0131nda herhangi bir b\u00fct\u00e7e s\u0131n\u0131rlamas\u0131 yoktur. Sizin b\u00fct\u00e7enize g\u00f6re istedi\u011finiz \u015fekilde reklam verilebilmektedir.<\/p><p>Youtube Reklamlar\u0131 ile ilgili bizimle\u00a0<strong><a href=\"..\/iletisim\/index.htm\">ileti\u015fim<\/a><\/strong>\u00a0formun \u00fczerinden veya\u00a0<strong>0530 543 03 58<\/strong>\u00a0telefon numaras\u0131 \u00fczerinden ileti\u015fime ge\u00e7ebilirsiniz.<\/p>\t\t\t\t\t\t<\/div>\n\t\t\t\t<\/div>\n\t\t\t\t\t<\/div>\n\t\t<\/div>\n\t\t\t\t\t\t\t<\/div>\n\t\t<\/section>\n\t\t\t\t\t<\/div>\n\t\t<\/div>\n\t\t\t\t\t\t\t<\/div>\n\t\t<\/section>\n\t\t\t\t\t\t\t<\/div>\n\t\t","protected":false},"excerpt":{"rendered":"<p>Youtube Reklamlar\u0131 Youtube Reklamlar\u0131 geli\u015fmi\u015f hedefleme se\u00e7enekleri ve milyonlarca insan\u0131n aktif olarak kulland\u0131\u011f\u0131 bir platformda yer almas\u0131 nedeniyle hedeflerinize ula\u015fmada \u00e7ok \u00f6nemli bir rol oynamaktad\u0131r. Milyonlarca Ki\u015fi Sizi Bekliyor Youtube \u00fclkemizde ayl\u0131k 32 milyon tekil ziyaret\u00e7i taraf\u0131ndan ziyaret edilmekte ve kullan\u0131lmaktad\u0131r. Youtube\u2019u ziyaret eden kullan\u0131c\u0131lar ayl\u0131k ortalama 8,5 saat Youtube\u2019ta vakit ge\u00e7irmektedir. Bu istatistikler bile Youtube\u2019un dijital pazarlamada ki yerini&#8230;<\/p>\n","protected":false},"author":1,"featured_media":0,"parent":0,"menu_order":0,"comment_status":"closed","ping_status":"closed","template":"elementor_header_footer","meta":{"om_disable_all_campaigns":false,"_monsterinsights_skip_tracking":false,"_monsterinsights_sitenote_active":false,"_monsterinsights_sitenote_note":"","_monsterinsights_sitenote_category":0,"footnotes":""},"class_list":["post-240","page","type-page","status-publish","hentry"],"_links":{"self":[{"href":"https:\/\/mehmetakbulut.net\/index.php\/wp-json\/wp\/v2\/pages\/240"}],"collection":[{"href":"https:\/\/mehmetakbulut.net\/index.php\/wp-json\/wp\/v2\/pages"}],"about":[{"href":"https:\/\/mehmetakbulut.net\/index.php\/wp-json\/wp\/v2\/types\/page"}],"author":[{"embeddable":true,"href":"https:\/\/mehmetakbulut.net\/index.php\/wp-json\/wp\/v2\/users\/1"}],"replies":[{"embeddable":true,"href":"https:\/\/mehmetakbulut.net\/index.php\/wp-json\/wp\/v2\/comments?post=240"}],"version-history":[{"count":4,"href":"https:\/\/mehmetakbulut.net\/index.php\/wp-json\/wp\/v2\/pages\/240\/revisions"}],"predecessor-version":[{"id":245,"href":"https:\/\/mehmetakbulut.net\/index.php\/wp-json\/wp\/v2\/pages\/240\/revisions\/245"}],"wp:attachment":[{"href":"https:\/\/mehmetakbulut.net\/index.php\/wp-json\/wp\/v2\/media?parent=240"}],"curies":[{"name":"wp","href":"https:\/\/api.w.org\/{rel}","templated":true}]}}